posite number?
True
Is 6733 prime?
True
Is 1709 a composite number?
False
Is 15997 composite?
True
Is 2103785 a composite number?
True
Is 30367 composite?
False
Is 13367 prime?
True
Is 1176155 prime?
False
Is 959 a prime number?
False
Is 117994 prime?
False
Is 5189 a prime number?
True
Is 14971 a composite number?
True
Is 1978631 composite?
False
Is 1543523 a prime number?
False
Is 191773 a composite number?
False
Is 161639 a prime number?
True
Is 3101459 a prime number?
True
Is 4619 a composite number?
True
Is 25009 a composite number?
True
Is 264731 prime?
True
Is 3691 a prime number?
True
Is 263383 a composite number?
False
Is 105749 a prime number?
False
Is 1373 a prime number?
True
Is 284519 a prime number?
False
Is 487561 composite?
False
Is 341945 composite?
True
Is 20581 a prime number?
False
Is 201079 a composite number?
True
Is 4385 composite?
True
Is 178289 prime?
True
Is 36429 a composite number?
True
Is 285443 a prime number?
False
Is 5639 a prime number?
True
Is 40141 a composite number?
True
Is 175003 prime?
True
Is 4583 a composite number?
False
Is 95377 composite?
True
Is 30629 a prime number?
False
Is 621337 a composite number?
False
Is 35963 prime?
True
Is 1859689 a composite number?
True
Is 45169 a prime number?
False
Is 1519777 a composite number?
True
Is 16411 a prime number?
True
Is 9689 a composite number?
False
Is 45145 a prime number?
False
Is 7969 composite?
True
Is 11197 a composite number?
False
Is 187 a prime number?
False
Is 43391 prime?
True
Is 5737 a prime number?
True
Is 129439 prime?
True
Is 803953 a composite number?
True
Is 7069 a prime number?
True
Is 139079 composite?
False
Is 441493 a prime number?
False
Is 89617 a prime number?
False
Is 459497 a composite number?
True
Is 776011 a prime number?
False
Is 10445827 prime?
False
Is 1282 composite?
True
Is 57347 a prime number?
True
Is 559 a composite number?
True
Is 40423 composite?
False
Is 23099 prime?
True
Is 9083 prime?
False
Is 90253 a prime number?
False
Is 41071 composite?
True
Is 3481 a prime number?
False
Is 26661 a composite number?
True
Is 32831 a composite number?
False
Is 43261 composite?
False
Is 22387 composite?
True
Is 37057 prime?
True
Is 16837 composite?
True
Is 94291 a composite number?
False
Is 2307739 a composite number?
True
Is 56251 composite?
True
Is 821027 prime?
True
Is 6679 a composite number?
False
Is 22469 a composite number?
False
Is 150901 a composite number?
False
Is 415319 a prime number?
True
Is 99701 prime?
False
Is 5065 prime?
False
Is 1082 a prime number?
False
Is 19298 a prime number?
False
Is 6500905 a prime number?
False
Is 3559063 prime?
True
Is 11863 composite?
False
Is 420106 a composite number?
True
Is 247141 a composite number?
False
Is 393 composite?
True
Is 1637 prime?
True
Is 31903 a prime number?
False
Is 11207 composite?
True
Is 6143 a prime number?
True
Is 475511 composite?
False
Is 18397 prime?
True
Is 1067 a prime number?
False
Is 4753267 prime?
True
Is 2419 prime?
False
Is 10753 prime?
True
Is 232333 prime?
True
Is 701 a composite number?
False
Is 1395901 prime?
False
Is 30713 a composite number?
False
Is 13295 a prime number?
False
Is 242909 prime?
False
Is 264389 a composite number?
True
Is 80273 prime?
True
Is 350213 prime?
True
Is 1727 a composite number?
True
Is 18331 prime?
False
Is 149969 composite?
False
Is 302402 a prime number?
False
Is 66733 composite?
False
Is 4288265 a composite number?
True
Is 33683 composite?
True
Is 53167 a prime number?
False
Is 699073 prime?
True
Is 9259 composite?
True
Is 255107 composite?
False
Is 206519 composite?
False
Is 35221 a prime number?
True
Is 128741 prime?
False
Is 247574 composite?
True
Is 29629 composite?
False
Is 739 prime?
True
Is 1333777 a prime number?
True
Is 25057 a prime number?
True
Is 86297 prime?
True
Is 141937 a composite number?
False
Is 50961 prime?
False
Is 129887 prime?
True
Is 1783549 prime?
False
Is 998 a composite number?
True
Is 4153 a prime number?
True
Is 70933 prime?
False
Is 844015 composite?
True
Is 7537 a composite number?
False
Is 60509 prime?
True
Is 2819 a prime number?
True
Is 87251 prime?
True
Is 12302 composite?
True
Is 5078 prime?
False
Is 8039 a composite number?
False
Is 455641 a prime number?
False
Is 122983 a composite number?
True
Is 846689 prime?
True
Is 2819 a composite number?
False
Is 287437 prime?
True
Is 1087 composite?
False
Is 338449 a composite number?
False
Is 209639 a prime number?
True
Is 24239 a composite number?
False
Is 71779 composite?
True
Is 22429 prime?
False
Is 201937 prime?
True
Is 16013 prime?
False
Is 848417 a prime number?
True
Is 217823 a prime number?
True
Is 30341 prime?
True
Is 36965 composite?
True
Is 839 a prime number?
True
Is 740309 composite?
True
Is 1490431 composite?
True
Is 101767 prime?
False
Is 49429 composite?
False
Is 964771 prime?
False
Is 14291 composite?
True
Is 6029 a prime number?
True
Is 3407623 prime?
False
Is 77447 composite?
False
Is 2247991 composite?
False
Is 6533 a prime number?
False
Is 450311 a composite number?
False
Is 8633 prime?
False
Is 41161 composite?
False
Is 149585 prime?
False
Is 181297 a prime number?
True
Is 125143 a prime number?
False
Is 132301 prime?
False
Is 15227 composite?
False
Is 200539 a prime number?
False
Is 66161 prime?
True
Is 5941 prime?
False
Is 35729 a prime number?
True
Is 9491 a composite number?
False
Is 493778 a composite number?
True
Is 407207 prime?
True
Is 123113 a prime number?
True
Is 182639 prime?
True
Is 182141 a composite number?
False
Is 7835 composite?
True
Is 47543 a composite number?
False
Is 3841 a composite number?
True
Is 1145189 a composite number?
False
Is 74653 a prime number?
True
Is 283447 composite?
False
Is 299689 prime?
False
Is 21353 prime?
False
Is 16609 composite?
True
Is 36911 prime?
False
Is 192298 prime?
False
Is 44461 a prime number?
False
Is 862703 a composite number?
False
Is 49291 composite?
True
Is 24929 composite?
True
Is 233591 a prime number?
True
Is 30467 composite?
False
Is 305663 a prime number?
True
Is 107021 a prime number?
True
Is 5497 a prime number?
False
Is 3551 prime?
False
Is 32999 composite?
False
Is 509 composite?
False
Is 4721 composite?
False
Is 13817 a composite number?
True
Is 6673 prime?
True
Is 21562 composite?
True
Is 7151 a prime number?
True
Is 375422 a prime number?
False
Is 11959 a prime number?
True
Is 1299743 a composite number?
False
Is 1987 prime?
True
Is 269047 a composite number?
True
Is 555431 a composite number?
True
Is 287783 a composite number?
False
Is 627407 a composite number?
True
Is 328813 composite?
False
Is 39481 composite?
True
Is 491129 a composite number?
False
Is 12731 composite?
True
Is 292627 a composite number?
False
Is 40431 composite?
True
Is 442691 prime?
True
Is 48907 composite?
False
Is 847699 prime?
False
Is 57257 a prime number?
False
Is 26171 composite?
False
Is 137477 composite?
False
Is 9011 composite?
False
Is 12721 composite?
False
Is 187269 a prime number?
False
Is 534707 a composite number?
False
Is 335399 prime?
False
Is 7159 composite?
False
Is 1243783 a prime number?
True
Is 139 a prime number?
True
Is 192106 composite?
True
Is 506393 prime?
True
Is 91079 a composite number?
False
Is 20627 composite?
False
Is 51257 a composite number?
False
Is 33049 a composite number?
False
Is 370479 prime?
False
Is 6805 a prime number?
False
Is 4181 a prime number?
False
Is 239773 a composite number?
True
Is 5909 composite?
True
Is 21839 composite?
False
Is 7841 composite?
False
Is 3503 prime?
False
Is 76547 a composite number?
True
Is 6977 a prime number?
True
Is 68683 composite?
False
Is 31643 prime?
True
Is 784847 prime?
False
Is 26401 a prime number?
False
Is 329 prime?
False
Is 2767 a composite number?
False
Is 2302 a composite number?
True
Is 11963 composite?
True
Is 216377 a composite number?
True
Is 5953 prime?
True
Is 92271 a prime number?
False
Is 1934 composite?
True
Is 177757 a prime number?
False
Is 2798 composite?
True
Is 3607 a composite number?
False
Is 4127 a prime number?
True
Is 103643 composite?
False
Is 38783 composite?
False
Is 12599 a prime number?
False
Is 222913 a prime number?
True
Is 1527843 composite?
True
Is 71399 a prime number?
True
Is 2917 a prime number?
True
Is 1829 prime?
False
Is 96749 prime?
True
Is 5137 comp